
Let v be 1049 - ((-1)/10 - (-2070)/(-300)). Calculate the highest common divisor of v and 66.
66
Let f = -196 - -308. Let v = f - 53. What is the highest common factor of v and 236?
59
Let h = -3 - -31. Suppose 5*j - 3*j = -2*r + h, 0 = 2*r - 4*j - 52. What is the greatest common factor of 162 and r?
18
Suppose -4*f - 64 = 4*i, -4*i + 4*f = -i + 48. Let y = i - -37. Calculate the greatest common divisor of y and 7.
7
Suppose 2*z - 13 = i, -3*z + i - 5*i = 8. Suppose 5*y = r + 10, r + 2*y - z = 3*r. Suppose -3*f = -r*f - 216. What is the highest common divisor of f and 18?
18
Let s = 637 - 623. Suppose -5*x + 284 = 4*i, 3*x - 104 = 2*i + 62. Calculate the highest common divisor of s and x.
14
Let w be (-9)/27 + 13/3. Suppose -10 = -0*p - 2*p - w*x, 0 = -x. Calculate the highest common factor of p and 115.
5
Let o = 2 - -4. Suppose -6*h + 11*h - 180 = 0. Suppose -h - 6 = -g. What is the highest common factor of o and g?
6
Let s = 7 + 0. Suppose s*q - 39 = 4*q. Suppose 28*p = -9*p + 481. What is the greatest common factor of q and p?
13
Suppose 0 = 2*v - 2*r - 48, -5*v + 99 = 2*r - 0*r. Let u = 57 + v. What is the highest common divisor of u and 52?
26
Let t be (-10)/15 - 994/(-6). Let q = 25 - 10. What is the highest common divisor of t and q?
15
Let o be (1 - 1 - -1)/1. Let i be o*10/(6/(-3)). Let t(q) = -q**2 - 6*q + 6. Let r be t(i). Calculate the highest common divisor of r and 11.
11
Suppose 5*g - 36*c - 3736 = -35*c, -5*c - 2972 = -4*g. What is the greatest common factor of g and 44?
44
Let f = 17 + -10. Let r(m) = m**2 - 9*m + 2*m**2 + 1 - m. Let d be r(f). Calculate the greatest common divisor of 13 and d.
13
Suppose 4*q = -4*x + 108, -5*q - 5*x + 23 = -4*q. What is the highest common divisor of 4 and q?
4
Let s = 175 + -49. What is the highest common divisor of s and 567?
63
Let k be (-1074)/(-21) - -10*(-8)/70. Calculate the highest common factor of k and 4150.
50
Suppose -121 = -4*h + 2*f + 61, -5*h = 4*f - 221. Calculate the greatest common factor of h and 105.
15
Let k = 12 + -4. Let s = -151 + 246. Let p = 96 - s. What is the greatest common factor of k and p?
1
Suppose 128 = 5*c + 2*n, c + 3*c + n = 100. Suppose 0 = -5*a - 2 - 3. Let o = 4 + a. Calculate the greatest common factor of c and o.
3
Suppose -3*h - 5*f + 2*f = -9, -1 = -h - 3*f. Suppose 0*b = 3*t + b - 8, -h*b = -2*t - 18. Calculate the greatest common divisor of t and 4.
1
Let y be 14*2*(-4)/(-8). Suppose 3*v - y = -o, -3*o - 5*v + 24 = -26. What is the greatest common divisor of 5 and o?
5
Let j = -100 - -106. Suppose j*f = 3*f - h + 87, -5*f + 5*h + 165 = 0. Calculate the highest common factor of f and 330.
30
Let r = 204 + -105. Let x be (-3)/(-4) - r/(-12). What is the greatest common factor of 9 and x?
9
Suppose -8*r + 3677 = 1517. Calculate the greatest common factor of r and 60.
30
Let n(k) = -k**2 - 10*k - 8. Let a be n(-6). Let c(q) = q + 6. Let v be c(-9). Let l = 19 + v. Calculate the highest common factor of l and a.
16
Suppose -2*b + 6 = -3*b. Let d = -5 + 2. Let x be (40/b)/(d/27). Calculate the greatest common divisor of x and 24.
12
Let f(a) be the second derivative of 13*a**3/6 - 15*a**2 + 15*a. Let o be f(6). Let j be -3*4/6*-16. Calculate the highest common divisor of o and j.
16
Suppose 6 = -o + 2, -52 = 4*j + 4*o. Let k = j + 13. Suppose 4*q = -4*z - 0*z + 184, -z + 49 = k*q. Calculate the highest common factor of z and 15.
15
Suppose 4*s = -2*d + 684, -5*d + 2247 = -4*s + 467. Let t be (0 - 2 - -1) + d. Let k = t + -208. Calculate the greatest common divisor of 13 and k.
13
Let l(u) = 5*u**2 - u. Let x be l(-2). Suppose -s + 5*k - 180 = -5*s, 6*s = 3*k + 354. Calculate the greatest common divisor of s and x.
11
Let s be -276*(30/(-9))/(-5). Let k = s + 94. Let w be ((-6)/15)/(3/k). Calculate the highest common factor of w and 132.
12
Suppose 58 = 3*r - w, -2*r + 98 = 3*r - 2*w. What is the highest common divisor of r and 522?
18
Suppose 208 + 80 = 8*h. Calculate the greatest common factor of 252 and h.
36
Suppose -o = -2*t + 26, -2 = -2*o + 2. Let w(r) = 5*r**3 - 2*r**2 + 2*r - 1. Let c be w(2). Calculate the greatest common factor of t and c.
7
Let a be (-30)/(-8)*(5 + -9). Let p = 2 - a. What is the highest common divisor of p and 187?
17
Let f be (-3)/9*-151 + (-7)/21. Suppose 2*d + f = 98. What is the highest common factor of 120 and d?
24
Let n = 0 - -6. Suppose 8*l = n*l - 24. Let a = -3 - l. What is the highest common factor of 3 and a?
3
Let p(q) = 3*q - 43. Let v be p(11). Let g be 5/v*38/(-1). What is the greatest common divisor of g and 133?
19
Let u = 26 + -8. Let m = u + -3. Suppose 3*d = 4*q + 413, 2*q + 409 = -173*d + 176*d. What is the highest common divisor of d and m?
15
Let h be 3*(8 - 272/(-24)). What is the highest common factor of h and 464?
58
Suppose 5*c + n - 24 = 0, 2*n + 0*n + 2 = 0. Suppose -13 + 3 = -c*z. Let q be (z + 56)/1 - -2. What is the greatest common factor of 24 and q?
12
Let i(m) = 80*m**2 - 3*m - 4. Let w be i(-2). Calculate the greatest common divisor of 14 and w.
14
Let l(j) = -j**2 - 7*j - 8. Let a be l(-6). Let d be -88*2*a/8. Let k = -30 + d. What is the highest common factor of k and 7?
7
Let w be 72/32 - 1/4. Suppose w*p + 40 = 6*p. Calculate the highest common divisor of 10 and p.
10
Suppose 2*g = 3*g + 6. Let b = g + 9. Suppose b = -f, 5*x - 5 - 4 = -2*f. Calculate the highest common factor of x and 15.
3
Suppose -16*i + 952 + 648 = 0. Suppose t + 5*z = -0*t + 140, 5*t = -4*z + 742. Calculate the highest common factor of i and t.
50
Let g be (22 + 5)/(-1 + 2). Calculate the greatest common divisor of g and 1215.
27
Suppose -9*v = -10*v + 37. Calculate the highest common factor of 296 and v.
37
Let j = 20 - 16. Let h(q) = -q**3 - 11*q**2 - q + 29. Let v be h(-11). What is the greatest common factor of j and v?
4
Let i be 519/15 - 4/(-10). Calculate the highest common divisor of i and 1400.
35
Suppose -4368 = -103*n + 99*n. Calculate the greatest common divisor of 84 and n.
84
Suppose 79*l - 3591 = 280. What is the highest common factor of l and 182?
7
Let d = 106 + 22. Suppose 5*c + 16 = -v - 18, -3*v - 2*c = d. Let x = 64 + v. Calculate the greatest common factor of x and 10.
10
Let j(i) = 24*i**2 + 4*i - 1. Let f be j(-2). What is the greatest common divisor of f and 116?
29
Let i(a) = 2*a**2 - 4*a - 8. Let x be i(-6). Let w = 1221 + -1213. What is the highest common divisor of x and w?
8
Let v(z) = 6*z**2 + z - 5. Let i be v(-3). Calculate the greatest common divisor of 713 and i.
23
Let g = 563 - 557. Calculate the greatest common divisor of g and 3.
3
Let a be 0 + (2 - (4 - (-2 + 5))). Suppose 3*p - 2*p + 5*l = -21, -p = l + a. Calculate the greatest common factor of p and 2.
2
Let g = 758 - 744. Let o be (2/(-6))/((-3)/36). Suppose -2*x + 10 + o = 0. Calculate the highest common factor of x and g.
7
Suppose 4*d - v + 37 = 177, -4*d = -3*v - 148. Calculate the highest common divisor of 102 and d.
34
Suppose 4*i - 1520 = -16*i. Calculate the greatest common divisor of 1216 and i.
76
Let i be 3704/84 + (-4)/42. Calculate the greatest common divisor of i and 418.
22
Suppose -3*u + 4*b + 500 = 0, u + 3*b - 23 - 122 = 0. Let f = 15 - -5. What is the highest common divisor of f and u?
20
Let p(b) = -b**2 - 4*b + 7. Let n be p(-5). Suppose 65 = 4*h + 2*q - 27, -4*h - 3*q + 94 = 0. Calculate the highest common divisor of n and h.
2
Let b be 5*15 - (21 - 14). What is the greatest common divisor of 102 and b?
34
Suppose -35 - 1 = -4*u. Let m(s) be the second derivative of s**3/6 - 17*s. Let v be m(u). Calculate the highest common factor of v and 99.
9
Suppose -d - 2 = 6. Let r be ((1 + 1)*5)/(d/(-80)). What is the highest common divisor of r and 10?
10
Let b = -2803 + 2815. Calculate the greatest common divisor of 300 and b.
12
Suppose 23 - 53 = -2*a. Suppose -a*v - 455 = -20*v. Calculate the highest common factor of 26 and v.
13
Let i = 36 - 29. Let r(m) = 17 + 14 + 2*m - i - 3. Let q be r(-9). What is the highest common factor of q and 6?
3
Suppose -w + 31 = -0*w - 3*h, 4*w - h - 69 = 0. Let x be (6/4)/(12/w). Suppose -x*m + 7*m = 25. What is the highest common factor of 40 and m?
5
Let g = -450 - -603. What is the greatest common factor of 68 and g?
17
Let f(a) = -68*a + 143. Let m be f(1). Let c